e 50/a - 2/12. Suppose 8*d - 32 = b*d. What is the units digit of d?
8
Let m = 1506 + -552. What is the tens digit of m?
5
What is the hundreds digit of (-2)/(-9) + (-5 - (-8726)/18)?
4
Suppose 0 = -5*z + c + 1954, 3*z + 0*c - 1190 = 5*c. What is the hundreds digit of z?
3
Suppose -2808 = 667*p - 669*p. What is the tens digit of p?
0
Suppose -220*o + 228*o = 6568. What is the tens digit of o?
2
Suppose -9*a = -8*a - 242. What is the tens digit of a?
4
Let b(h) = -2*h**2 - 13*h + 3. Let a be b(-6). Suppose -6*p + a*p - 219 = -5*z, 0 = 3*p + z - 231. What is the tens digit of p?
7
Let j(w) = w**3 + 14*w**2 + 13*w. Let y be j(-13). Let m = 2 + 2. Suppose 3*t - m*f - 179 = 0, y*t + 53 = t - 3*f. What is the tens digit of t?
6
Suppose -4*l - 62 = -5*q, -2*l - l - 19 = -q. What is the units digit of 1212/q + 8/10?
2
Let g = 50 + 22. Suppose -g = -0*o - 3*o. What is the tens digit of o?
2
Let t = -309 + 526. What is the units digit of t?
7
Let a(k) = k**3 - 5*k**2 + 5*k. Let t be a(4). Suppose -t*g + 0*g + 4 = 0. What is the units digit of 4 - (g + 0/1)?
3
Let m(g) = g**2 - 2*g - 1. Let y be m(5). What is the units digit of (4/y)/(3/21)?
2
Let c(k) = -2*k - 8. Let d = 111 + -118. What is the units digit of c(d)?
6
What is the tens digit of 4/34 + ((-712)/(-17) - 12)?
3
Let n(j) be the first derivative of -j**3/6 + 8*j**2 - 4*j - 2. Let r(a) be the first derivative of n(a). What is the units digit of r(0)?
6
Let k = 59 + -69. Let v(f) = -f**2 - 13*f - 4. What is the tens digit of v(k)?
2
Let q = -2342 - -4021. What is the tens digit of q?
7
Let f = 492 + -258. Let i = 354 - f. Suppose 4*l - 28 = i. What is the tens digit of l?
3
Let j = 113 + -165. Let p = 55 + j. What is the units digit of p?
3
Let v = 46 + -28. Let k be 9 + -4 - 68/(2 - 4). Suppose 0 = o - v - k. What is the units digit of o?
7
Let w = -1324 - -2099. What is the hundreds digit of w?
7
Let t(j) = j**3 + 8*j**2 - 7*j - 12. Let d be t(-9). Let v = -4 + d. Let h = v - -60. What is the units digit of h?
6
Suppose 0 = 3*f - 6*f - h + 596, 0 = 2*h - 4. What is the tens digit of f?
9
Suppose 0*q = -3*q. Suppose 0 = 4*r - c, 3*c + 0*c - 10 = 2*r. Let f = r + q. What is the units digit of f?
1
Let b be (-334)/(-4) - 24/16. Let m = 145 - b. What is the units digit of m?
3
Let y = -313 + 191. Let r = 283 + y. What is the units digit of r?
1
Let t = 1142 - 574. What is the hundreds digit of t?
5
Let g = -26 - -28. Let o(w) = g*w - 1 - 11*w + 3 - 11. What is the units digit of o(-6)?
5
Let f(g) = -123*g + 6. Let q(w) = -122*w + 7. Let o(y) = 6*f(y) - 5*q(y). What is the units digit of o(-1)?
9
Let z(i) = 1. Let u(h) = -2*h - 8. Let q(l) = -u(l) - 3*z(l). Let c be q(0). Suppose c*v + 0*g - 227 = -4*g, -225 = -5*v - 5*g. What is the tens digit of v?
4
Let g = -61 + 1038. What is the tens digit of g?
7
Let c = -60 + 150. Suppose c = 3*u - 8*u. What is the units digit of u/15*(-10)/4?
3
Suppose -4*m - 2 - 1 = 3*v, 0 = 2*m - 3*v - 21. Suppose -m*c + 38 = 5*r - 50, 3*r + 5*c = 40. What is the units digit of r?
0
What is the hundreds digit of ((-16)/(-18))/4 - 925/(-9)?
1
Let w be 9 + 3/6*-6. Let c(r) = -r**2 + 5*r + 11. Let o be c(w). What is the units digit of ((-318)/(-30))/(1/o)?
3
What is the hundreds digit of (1630/40 - 8)/((-1)/(-12))?
3
Let m(x) = x**2 - 18*x + 69. What is the units digit of m(18)?
9
Let n(x) = x**3 + 20*x**2 + 16*x - 21. Let u(p) = p**3 - 7*p**2 + 2*p + 5. Let m be u(6). What is the tens digit of n(m)?
3
Suppose 5*a - 17 = -2. Suppose -5*h = -3*f - f - 732, -a*h + 438 = -2*f. What is the hundreds digit of h?
1
Let d(a) = 443*a + 75. What is the hundreds digit of d(4)?
8
Suppose 0 = -5*r - t + 110, -3*r = -7*r + 2*t + 88. Suppose 12 = 3*x, q = 6*q - 2*x - r. What is the units digit of (-5)/((3/(-1))/q)?
0
Suppose -25*u + 10 = -20*u. Let k = 8 + u. What is the tens digit of k?
1
Let h(k) = 13*k - 14. Let p be ((2*2)/(11 + -12))/(-1). What is the tens digit of h(p)?
3
Let m = -1 + 7. Suppose -2*f + 258 = 4*h, m = -2*f - 4. What is the tens digit of h?
6
Let z = 27 + -8. Let v(u) = z - u + 4 + 35 - 2*u. What is the units digit of v(0)?
8
Let r(g) be the third derivative of g**5/12 + g**3/3 - g**2. Let a be r(-2). Let x = 8 + a. What is the units digit of x?
0
Let o(n) = -11*n - 5. Let z be o(4). Let g = z + 78. Suppose -4*a = -2*q - g - 37, -2*a + 36 = -2*q. What is the tens digit of a?
1
Suppose 3*m - 2*v = -36, 2*m + 37 = -3*v - 0*v. Let a(n) = -n**3 - 14*n**2 - 15. Let o be a(m). Let t = o - -45. What is the tens digit of t?
3
What is the tens digit of 1385991/972 - (-1)/12?
2
Let u = 79 + -44. What is the units digit of u?
5
What is the units digit of 33664/22 - 3*6/99?
0
Let s(i) = 7*i**2 + 17*i - 116. What is the units digit of s(7)?
6
Let h(b) = b**2 - b - 21. Let k be h(5). What is the units digit of ((180 + -2)/k)/(-1)?
8
Suppose 12*c = 7*c + 2625. What is the units digit of c?
5
Suppose 3*t + 5 = 14. What is the units digit of (3 + -99)*(-2)/t?
4
What is the hundreds digit of 6/(-32) + 2552451/528?
8
Suppose 0 = -v + x - 1, -4*v + 5*v + 5*x = 17. Suppose -a + 209 = -v*s, -2*a = 4*s - 300 - 102. What is the tens digit of a?
0
Suppose 0 = -5*y - 5*p + 35, 2*y - 5*p + 4 = -3. Suppose -y*t = t - 105. What is the tens digit of t?
2
Let q(l) = -l**2 + 3*l + 3. Let j be q(4). Let m(s) = -6*s + 2. Let o be m(j). Suppose 0*w = -z - 3*w + 19, 4*w - o = 0. What is the units digit of z?
3
Let t(r) = 7*r**2 - 59*r + 27. What is the units digit of t(8)?
3
Suppose 0 = -6*y - 9 + 33. Suppose -3*k + 8 + y = 0, 216 = 4*j - 2*k. What is the tens digit of j?
5
Let d(m) = -21*m**2 - 6*m - m**3 - m + 4*m + 2*m - 15. What is the units digit of d(-21)?
6
Let n be -1 + (-22)/(-26) + (-123)/(-39). Suppose -t - 540 = -n*s, -169 - 535 = -4*s - 4*t. What is the tens digit of s?
7
Suppose 0 = -3*f + 11*f - 16. What is the tens digit of 2/(-17) - (28848/(-68))/f?
1
Let d(x) = 12*x - 7*x + 3 - 7*x. Let f(u) = -3*u + 2. Let l(i) = -4*d(i) + 3*f(i). What is the units digit of l(-16)?
0
Let z(v) = -7*v**3 + 2*v**2 - v. Let k be z(1). Suppose 5*g - 2*p + 6*p - 62 = 0, 0 = -5*g - 5*p + 65. What is the tens digit of (g/k)/(5/(-105))?
3
Suppose 5*t = -4*i - 4, 8*i - 5*t + 50 = 3*i. What is the units digit of (-1184)/(-12)*(-9)/i?
8
Let s be ((-9)/15 + (-2)/5)*-6. Suppose -92 = -s*v + 100. What is the tens digit of v?
3
What is the hundreds digit of 4*(2696/16 - 1)?
6
Let g = 900 + -484. What is the units digit of g?
6
Suppose -w = 5*o - 3428, 5*o - 17514 = -4*w - 3772. What is the units digit of w?
8
Let m = 7 + -3. Suppose -105 = -r - m*r. Suppose g = -0*g + r. What is the tens digit of g?
2
What is the units digit of 1293 - (64/(-10) + (-4)/(-10))?
9
What is the hundreds digit of (1852/(-12))/(2/(-6))?
4
Let u(b) = -2*b**3 - 7*b**2 - 7*b + 2. Let v be u(-4). Suppose 6*i - v - 434 = 0. What is the units digit of i?
0
Suppose 32*z - 29*z - 3414 = -3*v, -z - 2279 = -2*v. What is the thousands digit of v?
1
Let r(v) = -2*v + 8. Suppose 0 = -4*l - o + 70 + 85, 2*l - 5*o = 83. Let z = 36 - l. What is the tens digit of r(z)?
1
Suppose -5*o + 15 - 40 = 0, o + 37 = 4*i. Suppose -c = c - i. What is the tens digit of -39*(1 - c/3)?
1
Let z be (6/(-4))/(10/460). Let f = -22 - z. What is the tens digit of f?
4
What is the tens digit of (-756)/(-126) + 71 + 1?
7
Let g(z) = 6*z**3 + 3*z**2 + z - 10. What is the hundreds digit of g(3)?
1
Suppose -l - 2*m + 322 = 3*l, 2*l - 3*m - 165 = 0. What is the tens digit of l?
8
Suppose 5*t = t + 540. Suppose -5*i = -5*a - t, -a = i - 0*a - 21. What is the units digit of i?
4
Suppose 0 = -i + 3*i + 72. Let p = 0 - i. Let q = -20 + p. What is the tens digit of q?
1
Let w(c) = -341*c - 215. What is the units digit of w(-5)?
0
Let n(x) = x**2 + 1. Let i(a) = -6*a**2 - 3*a. Let k(g) = -i(g) - 4*n(g). Let s be k(-3). What is the units digit of (-8)/20*s*-3?
6
Let b = 171 - 99. What is the tens digit of b?
7
Let x be 2/4 - 9/(-2). Suppose 4*v + 545 = -x*j - v, 9 = -3*v. Let d = -55 - j. What is the units digit of d?
1
Let f = -7 + 6. Let t be (-1)/(2 + f)*-2. Suppose t*l - 14 = -2*c, -c + l + 2 = c. What is the units digit of c?
3
Let v(g) = -4*g + 5. Suppose 5*q = 3*q - 12. Let p be v(q). Suppose 0*j = j - 2*z - p, 0 = 5*j - 2*z - 145. What is the units digit of j?
9
Let f = 25 - 21. 